643698?
2, 239, 15991
List the prime factors of 4104796.
2, 1026199
List the prime factors of 3092078.
2, 11, 140549
What are the prime factors of 2885036?
2, 7, 11, 17, 19, 29
What are the prime factors of 315356?
2, 78839
List the prime factors of 4137146.
2, 13, 41, 3881
List the prime factors of 227597.
227597
What are the prime factors of 1538628?
2, 3, 7, 13, 1409
What are the prime factors of 4303974?
2, 3, 109, 6581
List the prime factors of 11093535.
3, 5, 246523
What are the prime factors of 688791?
3, 439, 523
List the prime factors of 450960.
2, 3, 5, 1879
What are the prime factors of 6022254?
2, 3, 7, 143387
List the prime factors of 3873507.
3, 11, 107, 1097
What are the prime factors of 786110?
2, 5, 13, 6047
What are the prime factors of 229388?
2, 57347
What are the prime factors of 260195?
5, 13, 4003
What are the prime factors of 20280912?
2, 3, 283, 1493
What are the prime factors of 1000969?
1000969
List the prime factors of 159170.
2, 5, 11, 1447
What are the prime factors of 3437081?
19, 9521
List the prime factors of 22195079.
37, 397, 1511
List the prime factors of 6035510.
2, 5, 13, 17, 2731
List the prime factors of 2973504.
2, 3, 17, 911
List the prime factors of 176559.
3, 229, 257
List the prime factors of 2759507.
2759507
What are the prime factors of 320012?
2, 7, 11, 1039
List the prime factors of 14398223.
7, 179, 11491
List the prime factors of 7431838.
2, 73, 109, 467
List the prime factors of 1879592.
2, 11, 13, 31, 53
List the prime factors of 2073178.
2, 179, 5791
List the prime factors of 211231.
211231
What are the prime factors of 5163483?
3, 13, 43, 3079
List the prime factors of 455942.
2, 277, 823
What are the prime factors of 296493?
3, 23, 4297
What are the prime factors of 236253?
3, 61, 1291
List the prime factors of 130524.
2, 3, 73, 149
What are the prime factors of 3204861?
3, 11, 97117
What are the prime factors of 1760173?
1760173
What are the prime factors of 3467007?
3, 385223
List the prime factors of 7228912.
2, 37, 12211
List the prime factors of 2120003.
659, 3217
List the prime factors of 442295.
5, 7, 12637
What are the prime factors of 57749?
17, 43, 79
What are the prime factors of 126874?
2, 11, 73, 79
What are the prime factors of 518079?
3, 59, 2927
List the prime factors of 3270453.
3, 1090151
List the prime factors of 144100.
2, 5, 11, 131
List the prime factors of 625055.
5, 149, 839
List the prime factors of 15944728.
2, 79, 25229
List the prime factors of 6392900.
2, 5, 63929
List the prime factors of 237758.
2, 53, 2243
What are the prime factors of 3597542?
2, 13, 179, 773
What are the prime factors of 237510?
2, 3, 5, 7, 13, 29
List the prime factors of 6701583.
3, 7, 45589
What are the prime factors of 388871?
7, 73, 761
List the prime factors of 3537469.
13, 23, 11831
List the prime factors of 1033718.
2, 7, 47, 1571
What are the prime factors of 29746555?
5, 5949311
What are the prime factors of 26524599?
3, 211, 41903
What are the prime factors of 15060168?
2, 3, 61, 127
What are the prime factors of 531133?
531133
What are the prime factors of 729044?
2, 182261
What are the prime factors of 860252?
2, 215063
What are the prime factors of 3123576?
2, 3, 14461
What are the prime factors of 37389?
3, 11, 103
What are the prime factors of 10948109?
29, 377521
What are the prime factors of 763848?
2, 3, 103
List the prime factors of 4790896.
2, 11, 163, 167
What are the prime factors of 47383?
7, 967
What are the prime factors of 13427445?
3, 5, 101, 8863
What are the prime factors of 2141927?
19, 79, 1427
List the prime factors of 1357504.
2, 21211
List the prime factors of 459735.
3, 5, 30649
List the prime factors of 1344674.
2, 421, 1597
List the prime factors of 6577242.
2, 3, 7, 156601
What are the prime factors of 2173288?
2, 13, 20897
What are the prime factors of 5373786?
2, 3, 11, 81421
What are the prime factors of 3612352?
2, 56443
List the prime factors of 86573.
86573
List the prime factors of 6820418.
2, 11, 310019
What are the prime factors of 15983802?
2, 3, 887989
What are the prime factors of 3899137?
11, 17, 29, 719
What are the prime factors of 16001403?
3, 11, 17, 2593
List the prime factors of 7400849.
307, 24107
What are the prime factors of 15386767?
11, 41, 109, 313
List the prime factors of 390462.
2, 3, 59, 1103
What are the prime factors of 29975959?
13, 349, 6607
List the prime factors of 7417014.
2, 3, 11, 109, 1031
What are the prime factors of 643811?
7, 1877
List the prime factors of 50338.
2, 25169
List the prime factors of 328728.
2, 3, 13697
What are the prime factors of 520943?
520943
List the prime factors of 271474.
2, 7, 19391
List the prime factors of 435830.
2, 5, 41, 1063
What are the prime factors of 24170?
2, 5, 2417
What are the prime factors of 9874939?
9874939
What are the prime factors of 3051574?
2, 1525787
List the prime factors of 1946454.
2, 3, 401, 809
List the prime factors of 632350.
2, 5, 12647
What are the prime factors of 19167978?
2, 3, 233, 13711
What are the prime factors of 95269?
47, 2027
List the prime factors of 31556195.
5, 11, 43, 1213
List the prime factors of 19388.
2, 37, 131
List the prime factors of 925469.
925469
List the prime factors of 84791.
7, 12113
What are the prime factors of 7327143?
3, 814127
List the prime factors of 1776105.
3, 5, 29, 1361
What are the prime factors of 8202777?
3, 11, 248569
What are the prime factors of 147302?
2, 73651
What are the prime factors of 5922509?
19, 311711
What are the prime factors of 1480926?
2, 3, 53, 4657
List the prime factors of 25243.
25243
List the prime factors of 248122.
2, 7, 37, 479
List the prime factors of 2498745.
3, 5, 17, 41, 239
List the prime factors of 220365.
3, 5, 59, 83
What are the prime factors of 1196802?
2, 3, 37, 599
What are the prime factors of 583048?
2, 31, 2351
List the prime factors of 17620688.
2, 499, 2207
What are the prime factors of 83051?
53, 1567
What are the prime factors of 548465?
5, 43, 2551
What are the prime factors of 75955?
5, 11, 1381
What are the prime factors of 168864?
2, 3, 1759
List the prime factors of 108879.
3, 36293
List the prime factors of 32155.
5, 59, 109
What are the prime factors of 13540?
2, 5, 677
List the prime factors of 2752205.
5, 550441
List the prime factors of 23560450.
2, 5, 471209
What are the prime factors of 17271796?
2, 17, 67, 223
What are the prime factors of 982057?
982057
List the prime factors of 4362599.
31, 140729
List the prime factors of 171785.
5, 17, 43, 47
What are the prime factors of 359503?
47, 7649
What are the prime factors of 980184?
2, 3, 40841
List the prime factors of 5417569.
1297, 4177
List the prime factors of 1743604.
2, 349, 1249
List the prime factors of 8221970.
2, 5, 822197
What are the prime factors of 4513355?
5, 7, 11, 19, 617
List the prime factors of 1126662.
2, 3, 19, 9883
List the prime factors of 32806.
2, 47, 349
What are the prime factors of 483936?
2, 3, 71
What are the prime factors of 2089348?
2, 522337
What are the prime factors of 9624072?
2, 3, 359, 1117
List the prime factors of 821761.
73, 11257
What are the prime factors of 19090229?
53, 360193
What are the prime factors of 78?
2, 3, 13
What are the prime factors of 323353?
53, 6101
List the prime factors of 98787.
3, 13, 17, 149
What are the prime factors of 256600?
2, 5, 1283
List the prime factors of 490014.
2, 3, 7, 3889
What are the prime factors of 9194853?
3, 167, 18353
What are the prime factors of 6395495?
5, 19, 23, 2927
List the prime factors of 349780.
2, 5, 17489
What are the prime factors of 240071?
13, 59, 313
What are the prime factors of 264964?
2, 7, 9463
What are the prime factors of 741297?
3, 247099
What are the prime factors of 5467126?
2, 7, 55787
What are the prime factors of 250837?
250837
What are the prime factors of 1715030?
2, 5, 41, 47, 89
What are the prime factors of 9219885?
3, 5, 614659
List the prime factors of 973886.
2, 486943
What are the prime factors of 213116?
2, 53279
What are the prime factors of 11832394?
2, 7, 307, 2753
What are the prime factors of 448988?
2, 112247
List the prime factors of 7533752.
2, 179, 5261
List the prime factors of 232220.
2, 5, 17, 683
List the prime factors of 4241189.
4241189
What are the prime factors